2 is divided by b.
18
Let u = 76 + -70. Let q(c) = -c**2 + 7*c + 2. What is the remainder when u is divided by q(7)?
0
Suppose 18*p = 12*p + 258. Let c = 15 - 4. Calculate the remainder when p is divided by c.
10
Suppose 0*n = -3*n + 3, -2*s - 5*n = -1. What is the remainder when 50 is divided by (-356)/(-28) - s/7?
11
Calculate the remainder when 30 - (6 + -3 + 4 - 3) is divided by 15.
11
Let i(r) = r**2 - 5*r - 3. Let m = -2 + 4. Suppose 3*t - m*t = 4. What is the remainder when t is divided by i(6)?
1
Suppose -4*h - 3*i + 10 = 0, -3*h + 2*i = -3*i - 22. Calculate the remainder when 4 is divided by h.
0
Suppose -2*y + 3 = -9. Suppose 2*i - 9 = -3*t, -4*i + y = 3*t - t. Suppose -5*j = -i*j - 2*u - 42, -u + 34 = 3*j. What is the remainder when 18 is divided by j?
8
Let l = -54 + 91. What is the remainder when 146 is divided by l?
35
Let s be -1 + (-3)/(-6)*6. Suppose 4*t = s*t + 90. Calculate the remainder when t is divided by 16.
13
Suppose -2*p = -28 - 12. Calculate the remainder when 78 is divided by p.
18
Let l(x) = -40*x. What is the remainder when l(-1) is divided by (-33)/(-3) - -5 - 2?
12
Suppose -3*y = -5*y - 6. Let n(w) = -w + 10. Calculate the remainder when n(7) is divided by 2/y*12/(-4).
1
What is the remainder when 130 is divided by (-8)/40 - (-96)/5?
16
Let y(i) = i. Let d be (1 - 2 - -5) + -1. Let o be d/(2*(-9)/(-30)). What is the remainder when y(o) is divided by 3?
2
Let t be (-20)/(-2) + (1 - 0). Let o(n) = n**3 - 11*n**2 + n - 1. What is the remainder when o(t) is divided by 4?
2
Let j = 4 - 2. Suppose -42 = -3*r + z, 3*r - j*r = 2*z + 19. What is the remainder when 37 is divided by r?
11
Suppose -58 = -5*k + 117. What is the remainder when k is divided by 19?
16
Calculate the remainder when (152/(-10))/((-5)/100*1) is divided by 61.
60
Let q(z) = -z**3 - 2*z**2 + 3*z + 2. Let f be q(-3). Suppose 3*p - 25 = -f*p. What is the remainder when p is divided by 4?
1
Suppose 5*n = 3*n + 42. What is the remainder when n is divided by 8?
5
Let a(d) = -d**2 + 6*d + 7. What is the remainder when a(6) is divided by 2/(-7) - (-92)/28?
1
Let c = -10 + 8. Calculate the remainder when 52 + 0 + c + -1 is divided by 2 + 14*1 + 1.
15
Suppose -2*c - 4 + 2 = 0. Calculate the remainder when (-2)/((-24)/(-25) + c) is divided by -2 + (17 - (-4 + 2)).
16
Suppose c - w = 4*w, 5*w = 2*c - 15. Calculate the remainder when 28 is divided by c.
13
Suppose -42 = -2*d - 2. What is the remainder when d is divided by 7?
6
Let t(g) = -g**3 - 6*g**2 + 6*g - 2. Let r be t(-7). Suppose 85 = 4*i + i - r*h, -3*h = -2*i + 32. What is the remainder when i is divided by 7?
5
Suppose 14*y - 19*y = -215. Calculate the remainder when y is divided by 18.
7
Let h(m) = m**2 - 2*m - 7. Suppose 6*t - t + 4*y - 101 = 0, 0 = -t - 4*y + 17. What is the remainder when t is divided by h(5)?
5
Suppose 15*h - 180 = 5*h. Calculate the remainder when h is divided by 5.
3
Let d(g) = g**3 - g**2 + g + 11. Let f = -1 - 1. Let p = 2 + f. Calculate the remainder when d(p) is divided by 4.
3
Suppose -13 = -h - 2. Suppose 0 = 4*c + 3*p - 9, 6 = 2*c - p - h. What is the remainder when (-78)/(-8)*16/c is divided by 7?
5
Let j = 26 - 18. What is the remainder when 31 is divided by j?
7
Let b(u) = -u**3 - 6*u**2 + 8*u + 9. Let a be b(-7). Suppose 4*c - 4*v = 20, a*v - 10 = c + 4*v. Let w = c + 19. What is the remainder when 55 is divided by w?
17
Let h(m) = -m**3 - 6*m**2 + 7*m + 9. Let w be h(-7). Suppose 11*i - w*i - 26 = 0. What is the remainder when 37 is divided by i?
11
Suppose 50 = 3*y - 7. What is the remainder when (8/(-6) - -2)/(4/444) is divided by y?
17
Let m = 176 + -118. Calculate the remainder when m is divided by 10.
8
Suppose 76 - 292 = -3*h. Suppose -3*u - h - 69 = 0. Let l = -26 - u. What is the remainder when l is divided by 11?
10
Let o = 3 + 3. Suppose 5*v + 9 = o*v. Calculate the remainder when 16 is divided by v.
7
Suppose 8 = -2*w, 3*j - 23 = 4*w + 77. What is the remainder when j is divided by 6?
4
Suppose 228 = -0*l + 3*l. Suppose -l = -5*c + 3*c. Calculate the remainder when c is divided by 13.
12
Suppose -i + 19 = -8. Let y = 94 + -80. What is the remainder when i is divided by y?
13
Let m(x) = 3*x**3 + 1 + 3 + 9*x**2 - 2*x**3. Let h(d) = d + 1. Let z(f) = -3*h(f) - m(f). What is the remainder when z(-9) is divided by 11?
9
Let q be ((-14)/3)/((-6)/108). Suppose -4*t - 3*s + q = 0, 5*t = -2*s - 2*s + 104. What is the remainder when 69 is divided by t?
21
Let m(z) = -4*z**2 - z - 7. Let o(n) = -11*n**2 - 2*n - 21. Let s(r) = -17*m(r) + 6*o(r). Calculate the remainder when s(-6) is divided by 18.
17
What is the remainder when 33 is divided by 18*(3/(-9) + 1)?
9
Suppose 4*t - 19 = 5*c, -38 = 3*c + 3*t - 5. Suppose f - b - 6 = -2*f, -f = -b - 2. Calculate the remainder when (-346)/(-14) - f/c is divided by 9.
7
Suppose 2*s + 0*s - 10 = 0. Suppose 0*z - 53 = -s*z - 2*y, -z + 3*y - 3 = 0. What is the remainder when z is divided by 5?
4
Suppose 43 = 4*k - 4*h - 13, 3*h - 54 = -3*k. Suppose -2*z = 35 - 95. What is the remainder when z is divided by k?
14
Suppose -d - d = -10. Let t = 19 - d. Calculate the remainder when 53 is divided by t.
11
Suppose -5*t - 2*s + 159 = 0, t + 4*s = 14 + 25. Let a = t - 13. What is the remainder when 362/7 + 2/7 is divided by a?
16
Let o(g) = -g**3 + 4*g**2 - g + 3. Let k = -8 - -11. Suppose -56 - 19 = -3*d. Calculate the remainder when d is divided by o(k).
7
Let h(z) be the first derivative of 0*z**2 + 3 - 1/3*z**3 - 3*z**4 + 0*z. Calculate the remainder when 32 is divided by h(-1).
10
Suppose 2*m + 0*m = 78. Suppose -3*g + 0*g + m = 0. What is the remainder when g is divided by 8?
5
Let m be 46 + (-2 - -1)*-1. Suppose 0 = -3*a + m - 8. Let h = -6 + 13. Calculate the remainder when a is divided by h.
6
Suppose 3*n - 94 = 2*v - 18, -2*n - 5*v + 57 = 0. What is the remainder when n is divided by 10?
6
Let z be (2 + -1)*(20 + 1). Suppose 0 = 5*a - 299 - z. Calculate the remainder when a is divided by 22.
20
Suppose 3*u - 42 = 33. Calculate the remainder when u is divided by 9.
7
Let s(j) = 12*j + 1. Let t be s(5). Suppose 0 = 5*a - 194 - t. Let l = a + -17. Calculate the remainder when l is divided by 12.
10
Let l = 4 - 0. Let i(x) = -x**2 + x + 3. Let v be i(0). Suppose 4*f - 3*u - 58 = 0, 0*f + v*f = l*u + 40. What is the remainder when 47 is divided by f?
15
Let a(r) = -3*r**2 + r + 1. Let k be a(2). Let t = k + 23. Calculate the remainder when 27 is divided by t.
13
Let u = -31 - -48. Suppose -5*d = -f - 57, -3*f + 0*f - u = -d. What is the remainder when 30 is divided by d?
8
Suppose -50 = -5*v - 2*d, -9*v = -6*v + d - 30. Suppose -3*k + 19 + 35 = 0. Calculate the remainder when k is divided by v.
8
Suppose 3*f = 2*d - 0*d + 60, 0 = 5*f + 4*d - 122. Calculate the remainder when f is divided by 6.
4
Let w = -180 - -214. Suppose -3*i = 3*l - 177, -157 = -6*l + 3*l + 2*i. Calculate the remainder when w is divided by l/3 - (-2)/(-6).
16
Suppose -4*o = -3*u + 32, -9 = 4*u - 0*u + 5*o. Suppose -u*i = -3*t + 15 - 47, i - 5*t = 25. Let s = 6 + 8. What is the remainder when s is divided by i?
4
Let m(c) = -3*c**3 - 6*c**2 - 3*c + 3. Calculate the remainder when m(-4) is divided by 16.
15
Let z = -1 - -1. Suppose -3*u + 3*i + 57 = 0, -4*u - 4*i + 70 - 26 = z. Let g = 6 - -2. Calculate the remainder when u is divided by g.
7
Suppose 11*c + 57 = 12*c. Calculate the remainder when c is divided by 12.
9
Let u = 20 + -10. Calculate the remainder when 27 is divided by u.
7
Let t = 130 + -83. What is the remainder when t is divided by 18?
11
Calculate the remainder when ((-4)/6)/(((-25)/615)/5) is divided by 12.
10
Suppose 32 = 11*b - 7*b. Let y = b + -2. What is the remainder when 8 is divided by y?
2
Let p(d) = -d**3 + 7*d**2 - 5*d. Let m be (-3 + 5)*(-10)/(-4). Let b(l) = -9*l**3 - l**2 - l. Calculate the remainder when p(m) is divided by b(-1).
7
Let a = 13 - 3. What is the remainder when 19 is divided by a?
9
Suppose -6*z = -3*n - 3*z - 120, -5*z = -n - 60. Let q = -21 - n. Suppose -2*x = -24 - q. Calculate the remainder when 37 is divided by x.
18
Suppose k - 97 = -4*n, -2*n - n - 3*k + 75 = 0. Suppose 4*o - o = n. Let t = o + -2. What is the remainder when 10 is divided by t?
4
Let r = 72 + -48. Let n = r - 13. Suppose 2*i - 35 = i - 3*s, 0 